{"id":88,"date":"2016-03-08T17:43:07","date_gmt":"2016-03-08T16:43:07","guid":{"rendered":"http:\/\/www.yogalini.de\/blog\/?page_id=88"},"modified":"2018-12-03T15:06:15","modified_gmt":"2018-12-03T14:06:15","slug":"impressum","status":"publish","type":"page","link":"http:\/\/www.yogalini.de\/blog\/impressum\/","title":{"rendered":"Impressum &#038; Datenschutz"},"content":{"rendered":"<p><strong>Verena Kamphausen<\/strong><\/p>\n<p>Raunerstr. 65<\/p>\n<p>73230 Kirchheim \/Teck<\/p>\n<p>&nbsp;<\/p>\n<p><strong>Telefon:<\/strong> 07021 \/ 9827334<\/p>\n<p><strong>e-Mail:<\/strong> verena@yogalini.de<\/p>\n<p><strong>Webseite:<\/strong> www.yogalini.de<\/p>\n<p>&nbsp;<\/p>\n<p><strong>Datenschutzerkl\u00e4rung<\/strong><\/p>\n<p>Diese Datenschutzerkl\u00e4rung erl\u00e4utert, welche personenbezogenen Daten wir w\u00e4hrend Ihres Besuches unseres Blogs erfassen und wie diese Daten durch uns verarbeitet und genutzt werden.<\/p>\n<p>Beim Aufrufen unseres Blogs www.yogalini.de\/blog\/ werden durch den auf Ihrem Endger\u00e4t eingesetzten Browser automatisch Informationen an den Server unserer Website (bei unserem Provider der Profihost AG) gesendet und dort tempor\u00e4r in einem sog. Logfile bis zur automatisierten L\u00f6schung gespeichert. Es handelt sich hierbei um folgende Daten: Ihre IP-Adresse, Datum und Uhrzeit des Zugriffs, Name und URL der abgerufenen Datei, jeweils \u00fcbertragene Datenmenge, Zugriffsstatus\/http-Statuscode, Website von der aus der Zugriff erfolgt (Referrer-URL), verwendeter Browser und ggf. das Betriebssystem Ihres Rechners, sowie der Name Ihres Access-Providers.<br \/>\nDie genannten Daten werden durch uns zu folgenden Zwecken verarbeitet: Gew\u00e4hrleistung eines reibungslosen Verbindungsaufbaus der Website, Gew\u00e4hrleistung einer komfortablen Nutzung unserer Website, Auswertung der Systemsicherheit und -stabilit\u00e4t, sowie zu weiteren administrativen Zwecken. Die Rechtsgrundlage f\u00fcr die Datenverarbeitung ist Art. 6 Abs. 1 S. 1 lit. f DSGVO. Unser berechtigtes Interesse folgt aus oben aufgelisteten Zwecken zur Datenerhebung. In keinem Fall verwenden wir die erhobenen Daten zu dem Zweck, R\u00fcckschl\u00fcsse auf Ihre Person zu ziehen.<\/p>\n","protected":false},"excerpt":{"rendered":"<p>Verena Kamphausen Raunerstr. 65 73230 Kirchheim \/Teck &nbsp; Telefon: 07021 \/ 9827334 e-Mail: verena@yogalini.de Webseite: www.yogalini.de &nbsp; Datenschutzerkl\u00e4rung Diese Datenschutzerkl\u00e4rung erl\u00e4utert, welche personenbezogenen Daten wir w\u00e4hrend Ihres Besuches unseres Blogs erfassen und wie diese Daten durch uns verarbeitet und genutzt werden. Beim Aufrufen unseres Blogs www.yogalini.de\/blog\/ werden durch den auf Ihrem Endger\u00e4t eingesetzten Browser automatisch &hellip; <a href=\"http:\/\/www.yogalini.de\/blog\/impressum\/\" class=\"more-link\"><span class=\"screen-reader-text\">Impressum &#038; Datenschutz<\/span> weiterlesen<\/a><\/p>\n","protected":false},"author":1,"featured_media":0,"parent":0,"menu_order":0,"comment_status":"closed","ping_status":"closed","template":"","meta":{"jetpack_post_was_ever_published":false,"footnotes":""},"class_list":["post-88","page","type-page","status-publish","hentry"],"aioseo_notices":[],"jetpack_sharing_enabled":true,"jetpack_shortlink":"https:\/\/wp.me\/P6Pno0-1q","_links":{"self":[{"href":"http:\/\/www.yogalini.de\/blog\/wp-json\/wp\/v2\/pages\/88","targetHints":{"allow":["GET"]}}],"collection":[{"href":"http:\/\/www.yogalini.de\/blog\/wp-json\/wp\/v2\/pages"}],"about":[{"href":"http:\/\/www.yogalini.de\/blog\/wp-json\/wp\/v2\/types\/page"}],"author":[{"embeddable":true,"href":"http:\/\/www.yogalini.de\/blog\/wp-json\/wp\/v2\/users\/1"}],"replies":[{"embeddable":true,"href":"http:\/\/www.yogalini.de\/blog\/wp-json\/wp\/v2\/comments?post=88"}],"version-history":[{"count":6,"href":"http:\/\/www.yogalini.de\/blog\/wp-json\/wp\/v2\/pages\/88\/revisions"}],"predecessor-version":[{"id":654,"href":"http:\/\/www.yogalini.de\/blog\/wp-json\/wp\/v2\/pages\/88\/revisions\/654"}],"wp:attachment":[{"href":"http:\/\/www.yogalini.de\/blog\/wp-json\/wp\/v2\/media?parent=88"}],"curies":[{"name":"wp","href":"https:\/\/api.w.org\/{rel}","templated":true}]}}